{"version":"1.0","provider_name":"Site de la FILE","provider_url":"https:\/\/www.fileasbl.be\/membres","title":"Cr\u00e8ches d\u2019entreprise et non marchandisation - Site de la FILE","type":"rich","width":600,"height":338,"html":"<blockquote class=\"wp-embedded-content\" data-secret=\"t4anA5yFRL\"><a href=\"https:\/\/www.fileasbl.be\/membres\/creches-dentreprise-et-non-marchandisation-file-asb\/\">Cr\u00e8ches d\u2019entreprise et non marchandisation<\/a><\/blockquote><iframe sandbox=\"allow-scripts\" security=\"restricted\" src=\"https:\/\/www.fileasbl.be\/membres\/creches-dentreprise-et-non-marchandisation-file-asb\/embed\/#?secret=t4anA5yFRL\" width=\"600\" height=\"338\" title=\"\u00ab\u00a0Cr\u00e8ches d\u2019entreprise et non marchandisation\u00a0\u00bb &#8212; Site de la FILE\" data-secret=\"t4anA5yFRL\" frameborder=\"0\" marginwidth=\"0\" marginheight=\"0\" scrolling=\"no\" class=\"wp-embedded-content\"><\/iframe><script>\n\/*! This file is auto-generated *\/\n!function(d,l){\"use strict\";l.querySelector&&d.addEventListener&&\"undefined\"!=typeof URL&&(d.wp=d.wp||{},d.wp.receiveEmbedMessage||(d.wp.receiveEmbedMessage=function(e){var t=e.data;if((t||t.secret||t.message||t.value)&&!\/[^a-zA-Z0-9]\/.test(t.secret)){for(var s,r,n,a=l.querySelectorAll('iframe[data-secret=\"'+t.secret+'\"]'),o=l.querySelectorAll('blockquote[data-secret=\"'+t.secret+'\"]'),c=new RegExp(\"^https?:$\",\"i\"),i=0;i<o.length;i++)o[i].style.display=\"none\";for(i=0;i<a.length;i++)s=a[i],e.source===s.contentWindow&&(s.removeAttribute(\"style\"),\"height\"===t.message?(1e3<(r=parseInt(t.value,10))?r=1e3:~~r<200&&(r=200),s.height=r):\"link\"===t.message&&(r=new URL(s.getAttribute(\"src\")),n=new URL(t.value),c.test(n.protocol))&&n.host===r.host&&l.activeElement===s&&(d.top.location.href=t.value))}},d.addEventListener(\"message\",d.wp.receiveEmbedMessage,!1),l.addEventListener(\"DOMContentLoaded\",function(){for(var e,t,s=l.querySelectorAll(\"iframe.wp-embedded-content\"),r=0;r<s.length;r++)(t=(e=s[r]).getAttribute(\"data-secret\"))||(t=Math.random().toString(36).substring(2,12),e.src+=\"#?secret=\"+t,e.setAttribute(\"data-secret\",t)),e.contentWindow.postMessage({message:\"ready\",secret:t},\"*\")},!1)))}(window,document);\n\/\/# sourceURL=https:\/\/www.fileasbl.be\/membres\/wp-includes\/js\/wp-embed.min.js\n<\/script>\n","thumbnail_url":"https:\/\/www.fileasbl.be\/membres\/wp-content\/uploads\/2023\/10\/Image-mise-en-avant-1.png","thumbnail_width":500,"thumbnail_height":500,"description":"Les \u00e9tudes scientifiques d\u00e9montrent que fr\u00e9quenter un milieu d\u2019accueil de qualit\u00e9 avant l\u2019\u00e2ge de 3 ans et l\u2019entr\u00e9e \u00e0 l\u2019\u00e9cole, repr\u00e9sente un atout pour l\u2019enfant. \u00c9tant donn\u00e9 l\u2019importance que cela rev\u00eat pour le d\u00e9veloppement de l\u2019enfant, \u00ab obtenir \u00bb une place d\u2019accueil pour son enfant \u2013 ce qui rel\u00e8ve aujourd\u2019hui souvent du parcours du combattant [&hellip;]"}

Crèches d’entreprise et non marchandisation - Site de la FILE

<blockquote class="wp-embedded-content" data-secret="t4anA5yFRL"><a href="https://www.fileasbl.be/membres/creches-dentreprise-et-non-marchandisation-file-asb/">Crèches d’entreprise et non marchandisation</a></blockquote><iframe sandbox="allow-scripts" security="restricted" src="https://www.fileasbl.be/membres/creches-dentreprise-et-non-marchandisation-file-asb/embed/#?secret=t4anA5yFRL" width="600" height="338" title="« Crèches d’entreprise et non marchandisation » &#8212; Site de la FILE" data-secret="t4anA5yFRL" frameborder="0" marginwidth="0" marginheight="0" scrolling="no" class="wp-embedded-content"></iframe><script>
/*! This file is auto-generated */
!function(d,l){"use strict";l.querySelector&&d.addEventListener&&"undefined"!=typeof URL&&(d.wp=d.wp||{},d.wp.receiveEmbedMessage||(d.wp.receiveEmbedMessage=function(e){var t=e.data;if((t||t.secret||t.message||t.value)&&!/[^a-zA-Z0-9]/.test(t.secret)){for(var s,r,n,a=l.querySelectorAll('iframe[data-secret="'+t.secret+'"]'),o=l.querySelectorAll('blockquote[data-secret="'+t.secret+'"]'),c=new RegExp("^https?:$","i"),i=0;i<o.length;i++)o[i].style.display="none";for(i=0;i<a.length;i++)s=a[i],e.source===s.contentWindow&&(s.removeAttribute("style"),"height"===t.message?(1e3<(r=parseInt(t.value,10))?r=1e3:~~r<200&&(r=200),s.height=r):"link"===t.message&&(r=new URL(s.getAttribute("src")),n=new URL(t.value),c.test(n.protocol))&&n.host===r.host&&l.activeElement===s&&(d.top.location.href=t.value))}},d.addEventListener("message",d.wp.receiveEmbedMessage,!1),l.addEventListener("DOMContentLoaded",function(){for(var e,t,s=l.querySelectorAll("iframe.wp-embedded-content"),r=0;r<s.length;r++)(t=(e=s[r]).getAttribute("data-secret"))||(t=Math.random().toString(36).substring(2,12),e.src+="#?secret="+t,e.setAttribute("data-secret",t)),e.contentWindow.postMessage({message:"ready",secret:t},"*")},!1)))}(window,document);
//# sourceURL=https://www.fileasbl.be/membres/wp-includes/js/wp-embed.min.js
</script>

Les études scientifiques démontrent que fréquenter un milieu d’accueil de qualité avant l’âge de 3 ans et l’entrée à l’école, représente un atout pour l’enfant. Étant donné l’importance que cela revêt pour le développement de l’enfant, « obtenir » une place d’accueil pour son enfant – ce qui relève aujourd’hui souvent du parcours du combattant [&hellip;]
