{"id":6362,"date":"2019-08-26T13:07:48","date_gmt":"2019-08-26T12:07:48","guid":{"rendered":"http:\/\/www.fileasbl.be\/membres\/?page_id=6362"},"modified":"2025-09-29T13:27:42","modified_gmt":"2025-09-29T12:27:42","slug":"rencontres-regionales","status":"publish","type":"page","link":"https:\/\/www.fileasbl.be\/membres\/rencontres-regionales\/","title":{"rendered":"Rencontres membres"},"content":{"rendered":"<!--themify_builder_content-->\n<div id=\"themify_builder_content-6362\" data-postid=\"6362\" class=\"themify_builder_content themify_builder_content-6362 themify_builder tf_clear\">\n    \t<!-- module_row -->\n\t<div  data-lazy=\"1\" class=\"module_row themify_builder_row tb_p3ih386 tb_first tf_clearfix\">\n\t    \t\t<div class=\"row_inner col_align_top col-count-1 tf_box tf_w tf_rel\">\n\t\t\t<div  data-lazy=\"1\" class=\"module_column tb-column col-full first tb_sm7h301 tf_box\">\n\t\t\t    \t        <div class=\"tb-column-inner tf_box tf_w\">\n\t\t    <!-- module image -->\n<div  class=\"module module-image tb_02l8338   image-top auto_fullwidth tf_mw\" data-lazy=\"1\">\n        <div class=\"image-wrap tf_rel tf_mw\">\n\t\t    <img loading=\"lazy\" decoding=\"async\" width=\"1584\" height=\"396\" src=\"https:\/\/www.fileasbl.be\/membres\/wp-content\/uploads\/2022\/04\/Rencontres-Regionales.gif\" class=\"wp-post-image wp-image-26568\" title=\"Rencontres R\u00e9gionales\" alt=\"Rencontres R\u00e9gionales\">\t\n\t\t<\/div>\n\t<!-- \/image-wrap -->\n    \n    \t<\/div>\n<!-- \/module image -->\t<div  data-lazy=\"1\" class=\"module_subrow themify_builder_sub_row tb_7jqt993 tf_w tf_clearfix\">\n\t    \t\t<div class=\"subrow_inner col_align_top col-count-2 tf_box tf_w\">\n\t\t\t<div  style=\"width: 82.72%\" data-lazy=\"1\" class=\"sub_column module_column tf_box col2-1 first tb_oljq995\"> \n\t    \t    \t        <div class=\"tb-column-inner tf_box tf_w\">\n\t\t    <!-- module text -->\n<div  class=\"module module-text tb_nkat134   \" data-lazy=\"1\">\n        <div  class=\"tb_text_wrap\">\n    <p style=\"text-align: left;\">Chaque ann\u00e9e, la FILE organise des <b>rencontres entre milieux d&rsquo;accueil <a href=\"https:\/\/www.fileasbl.be\/membres\/saffilier-a-file\/\" target=\"_blank\">membres<\/a> de la FILE<\/b> sur des th\u00e9matiques vari\u00e9es.<\/p>\n<p>Ces rencontres sont l\u2019occasion d\u2019\u00e9changer autour de tables rondes \u00e0 propos des pr\u00e9occupations des op\u00e9rateurs et des professionnel.le.s, des actualit\u00e9s du secteur, des projets de la FILE, des pratiques p\u00e9dagogiques&#8230;<\/p>    <\/div>\n<\/div>\n<!-- \/module text -->\t        <\/div>\n\t    \t<\/div>\n\t\t<div  style=\"width: 14.08%\" data-lazy=\"1\" class=\"sub_column module_column tf_box col2-1 last tb_4b1y996\"> \n\t    \t    \t<\/div>\n\t\t    <\/div>\n\t<\/div><!-- \/themify_builder_sub_row -->\n\t\t<div  data-lazy=\"1\" class=\"module_subrow themify_builder_sub_row tb_on8496 tf_w tf_clearfix\">\n\t    \t\t<div class=\"subrow_inner col_align_top col-count-2 tf_box tf_w\">\n\t\t\t<div  style=\"width: 36.13%\" data-lazy=\"1\" class=\"sub_column module_column tf_box col2-1 first tb_jag3541\"> \n\t    \t    \t        <div class=\"tb-column-inner tf_box tf_w\">\n\t\t    <!-- module text -->\n<div  class=\"module module-text tb_hyvg542   \" data-lazy=\"1\">\n        <div  class=\"tb_text_wrap\">\n    <h2><span style=\"color: #cc99ff;\">Prochaines rencontres membres<\/span><\/h2>\n<ul>\n<li><b>6 octobre 2025\u00a0<\/b><b>(13h30-16h)<\/b>\u00a0&#8211; Oupeye<\/li>\n<li><b>7 octobre 2025\u00a0<\/b><b>(13h30-16h)<\/b>\u00a0&#8211; Louvain-la-Neuve<\/li>\n<li><b><span style=\"color: #e01b1b;\">Annul\u00e9<\/span> &#8211; 14 octobre 2025\u00a0<\/b><b>(10h-12h30)<\/b>\u00a0&#8211; Hainaut<\/li>\n<\/ul>\n<p style=\"margin: 0in; font-family: Helvetica; font-size: 12pt;\"><span style=\"font-weight: bold; background-image: initial; background-position: initial; background-size: initial; background-repeat: initial; background-attachment: initial; background-origin: initial; background-clip: initial; color: #755ba8;\">\u00a0<\/span><\/p>\n<h2><span style=\"color: #cc99ff;\">A l&rsquo;ordre du jour<\/span><\/h2>\n<ul style=\"direction: ltr; unicode-bidi: embed; margin-top: 0in; margin-bottom: 0in;\" type=\"disc\">\n<li style=\"margin-bottom: 0px; vertical-align: middle;\"><span style=\"font-family: Helvetica; font-size: 12pt; background-image: initial; background-position: initial; background-size: initial; background-repeat: initial; background-attachment: initial; background-origin: initial; background-clip: initial; color: #7f7878;\">R\u00e9forme APE<\/span><\/li>\n<li style=\"margin-bottom: 0px; vertical-align: middle;\"><span style=\"font-family: Helvetica; font-size: 12pt; background-image: initial; background-position: initial; background-size: initial; background-repeat: initial; background-attachment: initial; background-origin: initial; background-clip: initial; color: #7f7878;\">Contrat de gestion et R\u00e9forme ATL<\/span><\/li>\n<li style=\"margin-bottom: 0px; vertical-align: middle;\"><span style=\"font-family: Helvetica; font-size: 12pt; background-image: initial; background-position: initial; background-size: initial; background-repeat: initial; background-attachment: initial; background-origin: initial; background-clip: initial; color: #7f7878;\">Mesures de fin de carri\u00e8re<\/span><\/li>\n<li style=\"margin-bottom: 0px; vertical-align: middle;\"><span style=\"font-family: Helvetica; font-size: 12pt; background-image: initial; background-position: initial; background-size: initial; background-repeat: initial; background-attachment: initial; background-origin: initial; background-clip: initial; color: #7f7878;\">Syst\u00e8me de pr\u00e9-demandes et gestion des listes d\u2019inscription<\/span><\/li>\n<li style=\"margin-bottom: 0px; vertical-align: middle;\"><span style=\"font-family: Helvetica; font-size: 12pt; background-image: initial; background-position: initial; background-size: initial; background-repeat: initial; background-attachment: initial; background-origin: initial; background-clip: initial; color: #7f7878;\">\u2026<\/span><\/li>\n<\/ul>\n<h2><span style=\"color: #cc99ff;\">Inscriptions<\/span><\/h2>\n<p>Gratuit &#8211; inscription obligatoire via\u00a0<a href=\"mailto:contact@fileasbl.be\">contact@fileasbl.be<\/a><\/p>    <\/div>\n<\/div>\n<!-- \/module text -->\t        <\/div>\n\t    \t<\/div>\n\t\t<div  style=\"width: 60.67%\" data-lazy=\"1\" class=\"sub_column module_column tf_box col2-1 last tb_n4yc98\"> \n\t    \t    \t        <div class=\"tb-column-inner tf_box tf_w\">\n\t\t    <!-- module text -->\n<div  class=\"module module-text tb_rfij440   \" data-lazy=\"1\">\n        <div  class=\"tb_text_wrap\">\n    <h2><span style=\"color: rgb(130, 126, 133);\">Pr\u00e9c\u00e9dentes rencontres membres<\/span><\/h2>\n<ul>\n<li><b>&nbsp;13 mars 2025&nbsp;<\/b><b>(10h-12h30)<\/b>&nbsp;&#8211; Oupeye<\/li><li><b>17 mars 2025&nbsp;<\/b><b>(10h-12h30)<\/b>&nbsp;&#8211; Louvain-la-Neuve<\/li><li><b>18 mars 2025&nbsp;<\/b><b>(10h-12h30)<\/b>&nbsp;&#8211; Frameries<\/li>\n<\/ul>    <\/div>\n<\/div>\n<!-- \/module text -->\t        <\/div>\n\t    \t<\/div>\n\t\t    <\/div>\n\t<\/div><!-- \/themify_builder_sub_row -->\n\t\t        <\/div>\n\t    \t<\/div>\n\t\t    <\/div>\n\t    <!-- \/row_inner -->\n\t<\/div>\n\t<!-- \/module_row -->\n\t<\/div>\n<!--\/themify_builder_content-->","protected":false},"excerpt":{"rendered":"<p>Chaque ann\u00e9e, la FILE organise des rencontres entre milieux d&rsquo;accueil membres de la FILE sur des th\u00e9matiques vari\u00e9es. Ces rencontres sont l\u2019occasion d\u2019\u00e9changer autour de tables rondes \u00e0 propos des pr\u00e9occupations des op\u00e9rateurs et des professionnel.le.s, des actualit\u00e9s du secteur, des projets de la FILE, des pratiques p\u00e9dagogiques&#8230; Prochaines rencontres membres 6 octobre 2025\u00a0(13h30-16h)\u00a0&#8211; Oupeye [&hellip;]<\/p>\n","protected":false},"author":2,"featured_media":0,"parent":0,"menu_order":0,"comment_status":"closed","ping_status":"closed","template":"","meta":{"footnotes":""},"class_list":["post-6362","page","type-page","status-publish","hentry","has-post-title","has-post-date","has-post-category","has-post-tag","has-post-comment","has-post-author",""],"yoast_head":"<!-- This site is optimized with the Yoast SEO plugin v27.5 - https:\/\/yoast.com\/product\/yoast-seo-wordpress\/ -->\n<title>Rencontres membres - Site de la FILE<\/title>\n<meta name=\"description\" content=\"Rencontres membres - Site de la FILE\" \/>\n<meta name=\"robots\" content=\"index, follow, max-snippet:-1, max-image-preview:large, max-video-preview:-1\" \/>\n<link rel=\"canonical\" href=\"https:\/\/www.fileasbl.be\/membres\/rencontres-regionales\/\" \/>\n<meta property=\"og:locale\" content=\"fr_FR\" \/>\n<meta property=\"og:type\" content=\"article\" \/>\n<meta property=\"og:title\" content=\"Rencontres membres - Site de la FILE\" \/>\n<meta property=\"og:description\" content=\"Rencontres membres - Site de la FILE\" \/>\n<meta property=\"og:url\" content=\"https:\/\/www.fileasbl.be\/membres\/rencontres-regionales\/\" \/>\n<meta property=\"og:site_name\" content=\"Site de la FILE\" \/>\n<meta property=\"article:publisher\" content=\"https:\/\/www.facebook.com\/fileasbl\/\" \/>\n<meta property=\"article:modified_time\" content=\"2025-09-29T12:27:42+00:00\" \/>\n<meta property=\"og:image\" content=\"https:\/\/www.fileasbl.be\/membres\/wp-content\/uploads\/2022\/04\/Rencontres-Regionales.gif\" \/>\n<meta name=\"twitter:card\" content=\"summary_large_image\" \/>\n<meta name=\"twitter:label1\" content=\"Dur\u00e9e de lecture estim\u00e9e\" \/>\n\t<meta name=\"twitter:data1\" content=\"3 minutes\" \/>\n<script type=\"application\/ld+json\" class=\"yoast-schema-graph\">{\"@context\":\"https:\\\/\\\/schema.org\",\"@graph\":[{\"@type\":\"WebPage\",\"@id\":\"https:\\\/\\\/www.fileasbl.be\\\/membres\\\/rencontres-regionales\\\/\",\"url\":\"https:\\\/\\\/www.fileasbl.be\\\/membres\\\/rencontres-regionales\\\/\",\"name\":\"Rencontres membres - Site de la FILE\",\"isPartOf\":{\"@id\":\"https:\\\/\\\/www.fileasbl.be\\\/membres\\\/#website\"},\"primaryImageOfPage\":{\"@id\":\"https:\\\/\\\/www.fileasbl.be\\\/membres\\\/rencontres-regionales\\\/#primaryimage\"},\"image\":{\"@id\":\"https:\\\/\\\/www.fileasbl.be\\\/membres\\\/rencontres-regionales\\\/#primaryimage\"},\"thumbnailUrl\":\"https:\\\/\\\/www.fileasbl.be\\\/membres\\\/wp-content\\\/uploads\\\/2022\\\/04\\\/Rencontres-Regionales.gif\",\"datePublished\":\"2019-08-26T12:07:48+00:00\",\"dateModified\":\"2025-09-29T12:27:42+00:00\",\"description\":\"Rencontres membres - Site de la FILE\",\"breadcrumb\":{\"@id\":\"https:\\\/\\\/www.fileasbl.be\\\/membres\\\/rencontres-regionales\\\/#breadcrumb\"},\"inLanguage\":\"fr-FR\",\"potentialAction\":[{\"@type\":\"ReadAction\",\"target\":[\"https:\\\/\\\/www.fileasbl.be\\\/membres\\\/rencontres-regionales\\\/\"]}]},{\"@type\":\"ImageObject\",\"inLanguage\":\"fr-FR\",\"@id\":\"https:\\\/\\\/www.fileasbl.be\\\/membres\\\/rencontres-regionales\\\/#primaryimage\",\"url\":\"https:\\\/\\\/www.fileasbl.be\\\/membres\\\/wp-content\\\/uploads\\\/2022\\\/04\\\/Rencontres-Regionales.gif\",\"contentUrl\":\"https:\\\/\\\/www.fileasbl.be\\\/membres\\\/wp-content\\\/uploads\\\/2022\\\/04\\\/Rencontres-Regionales.gif\",\"width\":1584,\"height\":396},{\"@type\":\"BreadcrumbList\",\"@id\":\"https:\\\/\\\/www.fileasbl.be\\\/membres\\\/rencontres-regionales\\\/#breadcrumb\",\"itemListElement\":[{\"@type\":\"ListItem\",\"position\":1,\"name\":\"Accueil\",\"item\":\"https:\\\/\\\/www.fileasbl.be\\\/membres\\\/\"},{\"@type\":\"ListItem\",\"position\":2,\"name\":\"Rencontres membres\"}]},{\"@type\":\"WebSite\",\"@id\":\"https:\\\/\\\/www.fileasbl.be\\\/membres\\\/#website\",\"url\":\"https:\\\/\\\/www.fileasbl.be\\\/membres\\\/\",\"name\":\"Site de la FILE\",\"description\":\"FILE Un accueil de qualit\u00e9 accessible \u00e0 tous\",\"potentialAction\":[{\"@type\":\"SearchAction\",\"target\":{\"@type\":\"EntryPoint\",\"urlTemplate\":\"https:\\\/\\\/www.fileasbl.be\\\/membres\\\/?s={search_term_string}\"},\"query-input\":{\"@type\":\"PropertyValueSpecification\",\"valueRequired\":true,\"valueName\":\"search_term_string\"}}],\"inLanguage\":\"fr-FR\"}]}<\/script>\n<!-- \/ Yoast SEO plugin. -->","yoast_head_json":{"title":"Rencontres membres - Site de la FILE","description":"Rencontres membres - Site de la FILE","robots":{"index":"index","follow":"follow","max-snippet":"max-snippet:-1","max-image-preview":"max-image-preview:large","max-video-preview":"max-video-preview:-1"},"canonical":"https:\/\/www.fileasbl.be\/membres\/rencontres-regionales\/","og_locale":"fr_FR","og_type":"article","og_title":"Rencontres membres - Site de la FILE","og_description":"Rencontres membres - Site de la FILE","og_url":"https:\/\/www.fileasbl.be\/membres\/rencontres-regionales\/","og_site_name":"Site de la FILE","article_publisher":"https:\/\/www.facebook.com\/fileasbl\/","article_modified_time":"2025-09-29T12:27:42+00:00","og_image":[{"url":"https:\/\/www.fileasbl.be\/membres\/wp-content\/uploads\/2022\/04\/Rencontres-Regionales.gif","type":"","width":"","height":""}],"twitter_card":"summary_large_image","twitter_misc":{"Dur\u00e9e de lecture estim\u00e9e":"3 minutes"},"schema":{"@context":"https:\/\/schema.org","@graph":[{"@type":"WebPage","@id":"https:\/\/www.fileasbl.be\/membres\/rencontres-regionales\/","url":"https:\/\/www.fileasbl.be\/membres\/rencontres-regionales\/","name":"Rencontres membres - Site de la FILE","isPartOf":{"@id":"https:\/\/www.fileasbl.be\/membres\/#website"},"primaryImageOfPage":{"@id":"https:\/\/www.fileasbl.be\/membres\/rencontres-regionales\/#primaryimage"},"image":{"@id":"https:\/\/www.fileasbl.be\/membres\/rencontres-regionales\/#primaryimage"},"thumbnailUrl":"https:\/\/www.fileasbl.be\/membres\/wp-content\/uploads\/2022\/04\/Rencontres-Regionales.gif","datePublished":"2019-08-26T12:07:48+00:00","dateModified":"2025-09-29T12:27:42+00:00","description":"Rencontres membres - Site de la FILE","breadcrumb":{"@id":"https:\/\/www.fileasbl.be\/membres\/rencontres-regionales\/#breadcrumb"},"inLanguage":"fr-FR","potentialAction":[{"@type":"ReadAction","target":["https:\/\/www.fileasbl.be\/membres\/rencontres-regionales\/"]}]},{"@type":"ImageObject","inLanguage":"fr-FR","@id":"https:\/\/www.fileasbl.be\/membres\/rencontres-regionales\/#primaryimage","url":"https:\/\/www.fileasbl.be\/membres\/wp-content\/uploads\/2022\/04\/Rencontres-Regionales.gif","contentUrl":"https:\/\/www.fileasbl.be\/membres\/wp-content\/uploads\/2022\/04\/Rencontres-Regionales.gif","width":1584,"height":396},{"@type":"BreadcrumbList","@id":"https:\/\/www.fileasbl.be\/membres\/rencontres-regionales\/#breadcrumb","itemListElement":[{"@type":"ListItem","position":1,"name":"Accueil","item":"https:\/\/www.fileasbl.be\/membres\/"},{"@type":"ListItem","position":2,"name":"Rencontres membres"}]},{"@type":"WebSite","@id":"https:\/\/www.fileasbl.be\/membres\/#website","url":"https:\/\/www.fileasbl.be\/membres\/","name":"Site de la FILE","description":"FILE Un accueil de qualit\u00e9 accessible \u00e0 tous","potentialAction":[{"@type":"SearchAction","target":{"@type":"EntryPoint","urlTemplate":"https:\/\/www.fileasbl.be\/membres\/?s={search_term_string}"},"query-input":{"@type":"PropertyValueSpecification","valueRequired":true,"valueName":"search_term_string"}}],"inLanguage":"fr-FR"}]}},"builder_content":"<img loading=\"lazy\" decoding=\"async\" width=\"1584\" height=\"396\" src=\"https:\/\/www.fileasbl.be\/membres\/wp-content\/uploads\/2022\/04\/Rencontres-Regionales.gif\" title=\"Rencontres R\u00e9gionales\" alt=\"Rencontres R\u00e9gionales\">\n<p style=\"text-align: left;\">Chaque ann\u00e9e, la FILE organise des <b>rencontres entre milieux d'accueil <a href=\"https:\/\/www.fileasbl.be\/membres\/saffilier-a-file\/\" target=\"_blank\">membres<\/a> de la FILE<\/b> sur des th\u00e9matiques vari\u00e9es.<\/p> <p>Ces rencontres sont l\u2019occasion d\u2019\u00e9changer autour de tables rondes \u00e0 propos des pr\u00e9occupations des op\u00e9rateurs et des professionnel.le.s, des actualit\u00e9s du secteur, des projets de la FILE, des pratiques p\u00e9dagogiques...<\/p>\n<h2>Prochaines rencontres membres<\/h2> <ul> <li><b>6 octobre 2025\u00a0<\/b><b>(13h30-16h)<\/b>\u00a0- Oupeye<\/li> <li><b>7 octobre 2025\u00a0<\/b><b>(13h30-16h)<\/b>\u00a0- Louvain-la-Neuve<\/li> <li><b>Annul\u00e9 - 14 octobre 2025\u00a0<\/b><b>(10h-12h30)<\/b>\u00a0- Hainaut<\/li> <\/ul> <p style=\"margin: 0in; font-family: Helvetica; font-size: 12pt;\">\u00a0<\/p> <h2>A l'ordre du jour<\/h2> <ul style=\"direction: ltr; unicode-bidi: embed; margin-top: 0in; margin-bottom: 0in;\" type=\"disc\"> <li style=\"margin-bottom: 0px; vertical-align: middle;\">R\u00e9forme APE<\/li> <li style=\"margin-bottom: 0px; vertical-align: middle;\">Contrat de gestion et R\u00e9forme ATL<\/li> <li style=\"margin-bottom: 0px; vertical-align: middle;\">Mesures de fin de carri\u00e8re<\/li> <li style=\"margin-bottom: 0px; vertical-align: middle;\">Syst\u00e8me de pr\u00e9-demandes et gestion des listes d\u2019inscription<\/li> <li style=\"margin-bottom: 0px; vertical-align: middle;\">\u2026<\/li> <\/ul> <h2>Inscriptions<\/h2> <p>Gratuit - inscription obligatoire via\u00a0<a href=\"mailto:contact@fileasbl.be\">contact@fileasbl.be<\/a><\/p>\n<h2>Pr\u00e9c\u00e9dentes rencontres membres<\/h2> <ul> <li><b>&nbsp;13 mars 2025&nbsp;<\/b><b>(10h-12h30)<\/b>&nbsp;- Oupeye<\/li><li><b>17 mars 2025&nbsp;<\/b><b>(10h-12h30)<\/b>&nbsp;- Louvain-la-Neuve<\/li><li><b>18 mars 2025&nbsp;<\/b><b>(10h-12h30)<\/b>&nbsp;- Frameries<\/li> <\/ul>","_links":{"self":[{"href":"https:\/\/www.fileasbl.be\/membres\/wp-json\/wp\/v2\/pages\/6362","targetHints":{"allow":["GET"]}}],"collection":[{"href":"https:\/\/www.fileasbl.be\/membres\/wp-json\/wp\/v2\/pages"}],"about":[{"href":"https:\/\/www.fileasbl.be\/membres\/wp-json\/wp\/v2\/types\/page"}],"author":[{"embeddable":true,"href":"https:\/\/www.fileasbl.be\/membres\/wp-json\/wp\/v2\/users\/2"}],"replies":[{"embeddable":true,"href":"https:\/\/www.fileasbl.be\/membres\/wp-json\/wp\/v2\/comments?post=6362"}],"version-history":[{"count":0,"href":"https:\/\/www.fileasbl.be\/membres\/wp-json\/wp\/v2\/pages\/6362\/revisions"}],"wp:attachment":[{"href":"https:\/\/www.fileasbl.be\/membres\/wp-json\/wp\/v2\/media?parent=6362"}],"curies":[{"name":"wp","href":"https:\/\/api.w.org\/{rel}","templated":true}]}}