{"id":9133,"date":"2020-01-23T11:51:47","date_gmt":"2020-01-23T10:51:47","guid":{"rendered":"http:\/\/www.fileasbl.be\/membres\/?post_type=product&#038;p=9133"},"modified":"2020-09-02T10:44:58","modified_gmt":"2020-09-02T09:44:58","slug":"les-differentes-sortes-de-conges","status":"publish","type":"product","link":"https:\/\/www.fileasbl.be\/membres\/produit\/les-differentes-sortes-de-conges\/","title":{"rendered":"Les diff\u00e9rentes sortes de cong\u00e9s &#8211; 09\/2020"},"content":{"rendered":"<p><a href=\"https:\/\/www.fileasbl.be\/membres\/wp-content\/uploads\/2020\/01\/2020-Site-article-800x200-Formation-cong\u00e9s.jpg\"><img loading=\"lazy\" decoding=\"async\" class=\"aligncenter wp-image-9134 size-full\" src=\"https:\/\/www.fileasbl.be\/membres\/wp-content\/uploads\/2020\/01\/2020-Site-article-800x200-Formation-cong\u00e9s.jpg\" alt=\"\" width=\"1067\" height=\"267\" \/><\/a><\/p>\n<h1>Les diff\u00e9rentes sortes de cong\u00e9s<\/h1>\n<h3 style=\"text-align: left;\"><span style=\"color: #333399;\"><strong>Contenu :<\/strong><\/span><\/h3>\n<p>Parmi les causes de suspension du contrat de travail que l\u2019on qualifie, parfois inad\u00e9quatement, de \u00ab\u00a0cong\u00e9s\u00a0\u00bb, l\u2019on peut \u00e9num\u00e9rer\u00a0:<\/p>\n<ul>\n<li>Les vacances l\u00e9gales, les vacances sectorielles, les vacances propres \u00e0 l\u2019institution\u00a0;<\/li>\n<li>Les jours f\u00e9ri\u00e9s\u00a0;<\/li>\n<li>Les jours de circonstance ou \u00ab\u00a0petits ch\u00f4mages\u00a0\u00bb\u00a0;<\/li>\n<li>Les cr\u00e9dit temps et les cong\u00e9s th\u00e9matiques\u00a0;<\/li>\n<li>Les raisons imp\u00e9rieuses\u00a0;<\/li>\n<li>Les cong\u00e9s sans solde\u00a0;<\/li>\n<li>L\u2019\u00e9cartement, le repos de maternit\u00e9, le cong\u00e9 d\u2019allaitement, les pauses d\u2019allaitement.<\/li>\n<\/ul>\n<p>&nbsp;<\/p>\n<p>Nous souhaitons vous proposer une formation dans laquelle vous serez les acteurs du temps consacr\u00e9 \u00e0 chacun de ses points et du contenu de chacune des mati\u00e8res vues.<\/p>\n<p>&nbsp;<\/p>\n<p>Nous vous proposons de nous transmettre pour le 7 septembre 2020 au plus tard <strong><u>les questions pr\u00e9cises<\/u><\/strong> que vous souhaitez que nous \u00e9voquions lors de ces deux journ\u00e9es consacr\u00e9es aux diff\u00e9rents types de cong\u00e9s (<a href=\"mailto:juriste@fileasbl.be\">juriste@fileasbl.be<\/a> ).<\/p>\n<p>&nbsp;<\/p>\n<p>N\u2019h\u00e9sitez pas \u00e0 nous transmettre les \u00e9ventuels documents \u00e0 la source de vos questionnements.<\/p>\n<p>&nbsp;<\/p>\n<p>Plus vous nous alimenterez\u2026 plus la formation r\u00e9pondra \u00e0 vos besoins. Nous n\u2019\u00e9luderons aucune question\u00a0!<\/p>\n<p>&nbsp;<\/p>\n<p>Nous vous fixons rendez-vous pour cette formation interactive les 22 et 29 septembre 2020. La pr\u00e9sence aux deux journ\u00e9es est hautement souhaitable.<\/p>\n<h3 style=\"text-align: left;\"><span style=\"color: #333399;\"><strong>Public cible :<\/strong><\/span><\/h3>\n<p>Cette formation s\u2019adresse :<\/p>\n<ul>\n<li>aux directions<\/li>\n<li>aux personnes charg\u00e9es de la gestion administrative<\/li>\n<li>aux administrateurs d&rsquo;asbl<\/li>\n<\/ul>\n<p>pour l\u2019ensemble du secteur de l\u2019enfance (milieux d\u2019accueil 0-3, ATL, services SOS enfants, op\u00e9rateurs de formation, \u00e9coles de devoirs, centres de vacances, \u00e9ducation permanente\u2026)<\/p>\n<h3 style=\"text-align: left;\"><span style=\"color: #333399;\"><strong>M\u00e9thode :<\/strong><\/span><\/h3>\n<p>Cette formation\u00a0<strong>pratique et participative<\/strong>\u00a0propose de parcourir le\u00a0<strong>cadre\u00a0juridique<\/strong>, des\u00a0<strong>\u00e9changes entre participants.<\/strong><\/p>\n<h3 style=\"text-align: left;\"><span style=\"color: #333399;\"><strong>Prix :<\/strong><\/span><\/h3>\n<ul>\n<li style=\"list-style-type: none;\">\n<ul>\n<li style=\"list-style-type: none;\">\n<ul>\n<li>Membres de la FILE : 120 \u20ac \/ personne (r\u00e9duction prise en compte sur la facture)<\/li>\n<li>Non membres : 180 \u20ac \/ personne<\/li>\n<\/ul>\n<\/li>\n<\/ul>\n<\/li>\n<\/ul>\n<p>Les frais d\u2019inscription sont \u00e0 payer sur le compte de la FILE \u00e0 la r\u00e9ception de la facture. L\u2019inscription est d\u00e9finitive une fois le paiement effectu\u00e9. Nous vous conseillons d&rsquo;effectuer le paiement au plus vite pour garantir votre place \u00e0 cette formation.<\/p>\n<h3 style=\"text-align: left;\"><span style=\"color: #333399;\"><strong>Pratique :<\/strong><\/span><\/h3>\n<ul>\n<li style=\"list-style-type: none;\">\n<ul>\n<li style=\"list-style-type: none;\">\n<ul>\n<li>O\u00f9 : <strong>encore<\/strong> <b>\u00e0 d\u00e9terminer (Hainaut &#8211; Charleroi)<\/b><\/li>\n<li>Calendrier : <strong>22 et 29 septembre 2020<\/strong><\/li>\n<li>Horaire : <strong>9h00 \u00e0 16h30<\/strong><\/li>\n<\/ul>\n<\/li>\n<\/ul>\n<\/li>\n<\/ul>\n<h3 style=\"text-align: left;\"><span style=\"color: #333399;\"><strong>Formatrice :<\/strong><\/span><\/h3>\n<h4><strong>Marie-Paule Dellisse<\/strong>, Titulaire d\u2019un Master en droit et d\u2019un Master sp\u00e9cial en droit social.<\/h4>\n<h5><u>Activit\u00e9 professionnelle ind\u00e9pendante :<\/u><\/h5>\n<ul>\n<li>activit\u00e9s de r\u00e9daction et de formations dans toute mati\u00e8re relevant du droit social. Parmi les derni\u00e8res contributions\u00a0: les aides \u00e0 l\u2019emploi, saisie-cession, alcool au travail, r\u00e8glement de travail, salaire garanti, dur\u00e9e du temps de travail en CP 329.02, vacances annuelles, \u00e9lections sociales, organes de concertation, r\u00e9daction de conventions diverses,\u2026\u00a0;<\/li>\n<li>soutien juridique, en mati\u00e8re de droit social, \u00e0 des employeurs, des f\u00e9d\u00e9rations patronales, de secr\u00e9tariats sociaux non agr\u00e9\u00e9s\u00a0;<\/li>\n<li>connaissance des secteurs du non marchand relevant principalement de la CP 318.01, 327.03, 329.02, 332, 336, 337.<\/li>\n<\/ul>\n<!--themify_builder_content-->\n<div id=\"themify_builder_content-9133\" data-postid=\"9133\" class=\"themify_builder_content themify_builder_content-9133 themify_builder tf_clear\">\n    <\/div>\n<!--\/themify_builder_content-->\n","protected":false},"excerpt":{"rendered":"<h3><strong><u>Pour s&rsquo;inscrire :<\/u><\/strong><\/h3>\n<ol>\n<li style=\"list-style-type: none;\">\n<ol>\n<li><strong>Renseignez votre qualit\u00e9 de membre de la FILE<\/strong>\u00a0et le nombre de personnes \u00e0 inscrire.<\/li>\n<li>Compl\u00e9tez les donn\u00e9es de l\u2019institution et le nom des participants dans la zone commentaire.<\/li>\n<li>Payez \u00e0 la r\u00e9ception de la facture. <strong>Le prix membre\/non sera adapt\u00e9 sur la facture.<\/strong><\/li>\n<\/ol>\n<\/li>\n<\/ol>\n","protected":false},"featured_media":0,"template":"","meta":[],"product_brand":[],"product_cat":[295,265],"product_tag":[],"class_list":{"0":"post-9133","1":"product","2":"type-product","3":"status-publish","5":"product_cat-event","6":"product_cat-formation","7":"has-post-title","8":"has-post-date","9":"has-post-category","10":"has-post-tag","11":"has-post-comment","12":"has-post-author","13":"","15":"first","16":"instock","17":"virtual","18":"purchasable","19":"product-type-simple"},"yoast_head":"<!-- This site is optimized with the Yoast SEO plugin v27.5 - https:\/\/yoast.com\/product\/yoast-seo-wordpress\/ -->\n<title>Les diff\u00e9rentes sortes de cong\u00e9s - 09\/2020 - Site de la FILE<\/title>\n<meta name=\"description\" content=\"Parmi les causes de suspension du contrat de travail que l\u2019on qualifie, parfois inad\u00e9quatement de cong\u00e9s, on peut en \u00e9num\u00e9rer diff\u00e9rentes sortes...\" \/>\n<meta name=\"robots\" content=\"index, follow, max-snippet:-1, max-image-preview:large, max-video-preview:-1\" \/>\n<link rel=\"canonical\" href=\"https:\/\/www.fileasbl.be\/membres\/produit\/les-differentes-sortes-de-conges\/\" \/>\n<meta property=\"og:locale\" content=\"fr_FR\" \/>\n<meta property=\"og:type\" content=\"article\" \/>\n<meta property=\"og:title\" content=\"Les diff\u00e9rentes sortes de cong\u00e9s - 09\/2020 - Site de la FILE\" \/>\n<meta property=\"og:description\" content=\"Parmi les causes de suspension du contrat de travail que l\u2019on qualifie, parfois inad\u00e9quatement de cong\u00e9s, on peut en \u00e9num\u00e9rer diff\u00e9rentes sortes...\" \/>\n<meta property=\"og:url\" content=\"https:\/\/www.fileasbl.be\/membres\/produit\/les-differentes-sortes-de-conges\/\" \/>\n<meta property=\"og:site_name\" content=\"Site de la FILE\" \/>\n<meta property=\"article:publisher\" content=\"https:\/\/www.facebook.com\/fileasbl\/\" \/>\n<meta property=\"article:modified_time\" content=\"2020-09-02T09:44:58+00:00\" \/>\n<meta property=\"og:image\" content=\"https:\/\/www.fileasbl.be\/membres\/wp-content\/uploads\/2020\/01\/2020-Site-A-la-une-Formation-cong\u00e9s.jpg\" \/>\n\t<meta property=\"og:image:width\" content=\"1600\" \/>\n\t<meta property=\"og:image:height\" content=\"837\" \/>\n\t<meta property=\"og:image:type\" content=\"image\/jpeg\" \/>\n<meta name=\"twitter:card\" content=\"summary_large_image\" \/>\n<meta name=\"twitter:label1\" content=\"Dur\u00e9e de lecture estim\u00e9e\" \/>\n\t<meta name=\"twitter:data1\" content=\"2 minutes\" \/>\n<script type=\"application\/ld+json\" class=\"yoast-schema-graph\">{\"@context\":\"https:\\\/\\\/schema.org\",\"@graph\":[{\"@type\":\"WebPage\",\"@id\":\"https:\\\/\\\/www.fileasbl.be\\\/membres\\\/produit\\\/les-differentes-sortes-de-conges\\\/\",\"url\":\"https:\\\/\\\/www.fileasbl.be\\\/membres\\\/produit\\\/les-differentes-sortes-de-conges\\\/\",\"name\":\"Les diff\u00e9rentes sortes de cong\u00e9s - 09\\\/2020 - Site de la FILE\",\"isPartOf\":{\"@id\":\"https:\\\/\\\/www.fileasbl.be\\\/membres\\\/#website\"},\"datePublished\":\"2020-01-23T10:51:47+00:00\",\"dateModified\":\"2020-09-02T09:44:58+00:00\",\"description\":\"Parmi les causes de suspension du contrat de travail que l\u2019on qualifie, parfois inad\u00e9quatement de cong\u00e9s, on peut en \u00e9num\u00e9rer diff\u00e9rentes sortes...\",\"breadcrumb\":{\"@id\":\"https:\\\/\\\/www.fileasbl.be\\\/membres\\\/produit\\\/les-differentes-sortes-de-conges\\\/#breadcrumb\"},\"inLanguage\":\"fr-FR\",\"potentialAction\":[{\"@type\":\"ReadAction\",\"target\":[\"https:\\\/\\\/www.fileasbl.be\\\/membres\\\/produit\\\/les-differentes-sortes-de-conges\\\/\"]}]},{\"@type\":\"BreadcrumbList\",\"@id\":\"https:\\\/\\\/www.fileasbl.be\\\/membres\\\/produit\\\/les-differentes-sortes-de-conges\\\/#breadcrumb\",\"itemListElement\":[{\"@type\":\"ListItem\",\"position\":1,\"name\":\"Accueil\",\"item\":\"https:\\\/\\\/www.fileasbl.be\\\/membres\\\/\"},{\"@type\":\"ListItem\",\"position\":2,\"name\":\"Produits\",\"item\":\"https:\\\/\\\/www.fileasbl.be\\\/membres\\\/boutique\\\/\"},{\"@type\":\"ListItem\",\"position\":3,\"name\":\"Les diff\u00e9rentes sortes de cong\u00e9s &#8211; 09\\\/2020\"}]},{\"@type\":\"WebSite\",\"@id\":\"https:\\\/\\\/www.fileasbl.be\\\/membres\\\/#website\",\"url\":\"https:\\\/\\\/www.fileasbl.be\\\/membres\\\/\",\"name\":\"Site de la FILE\",\"description\":\"FILE Un accueil de qualit\u00e9 accessible \u00e0 tous\",\"potentialAction\":[{\"@type\":\"SearchAction\",\"target\":{\"@type\":\"EntryPoint\",\"urlTemplate\":\"https:\\\/\\\/www.fileasbl.be\\\/membres\\\/?s={search_term_string}\"},\"query-input\":{\"@type\":\"PropertyValueSpecification\",\"valueRequired\":true,\"valueName\":\"search_term_string\"}}],\"inLanguage\":\"fr-FR\"}]}<\/script>\n<!-- \/ Yoast SEO plugin. -->","yoast_head_json":{"title":"Les diff\u00e9rentes sortes de cong\u00e9s - 09\/2020 - Site de la FILE","description":"Parmi les causes de suspension du contrat de travail que l\u2019on qualifie, parfois inad\u00e9quatement de cong\u00e9s, on peut en \u00e9num\u00e9rer diff\u00e9rentes sortes...","robots":{"index":"index","follow":"follow","max-snippet":"max-snippet:-1","max-image-preview":"max-image-preview:large","max-video-preview":"max-video-preview:-1"},"canonical":"https:\/\/www.fileasbl.be\/membres\/produit\/les-differentes-sortes-de-conges\/","og_locale":"fr_FR","og_type":"article","og_title":"Les diff\u00e9rentes sortes de cong\u00e9s - 09\/2020 - Site de la FILE","og_description":"Parmi les causes de suspension du contrat de travail que l\u2019on qualifie, parfois inad\u00e9quatement de cong\u00e9s, on peut en \u00e9num\u00e9rer diff\u00e9rentes sortes...","og_url":"https:\/\/www.fileasbl.be\/membres\/produit\/les-differentes-sortes-de-conges\/","og_site_name":"Site de la FILE","article_publisher":"https:\/\/www.facebook.com\/fileasbl\/","article_modified_time":"2020-09-02T09:44:58+00:00","og_image":[{"width":1600,"height":837,"url":"https:\/\/www.fileasbl.be\/membres\/wp-content\/uploads\/2020\/01\/2020-Site-A-la-une-Formation-cong\u00e9s.jpg","type":"image\/jpeg"}],"twitter_card":"summary_large_image","twitter_misc":{"Dur\u00e9e de lecture estim\u00e9e":"2 minutes"},"schema":{"@context":"https:\/\/schema.org","@graph":[{"@type":"WebPage","@id":"https:\/\/www.fileasbl.be\/membres\/produit\/les-differentes-sortes-de-conges\/","url":"https:\/\/www.fileasbl.be\/membres\/produit\/les-differentes-sortes-de-conges\/","name":"Les diff\u00e9rentes sortes de cong\u00e9s - 09\/2020 - Site de la FILE","isPartOf":{"@id":"https:\/\/www.fileasbl.be\/membres\/#website"},"datePublished":"2020-01-23T10:51:47+00:00","dateModified":"2020-09-02T09:44:58+00:00","description":"Parmi les causes de suspension du contrat de travail que l\u2019on qualifie, parfois inad\u00e9quatement de cong\u00e9s, on peut en \u00e9num\u00e9rer diff\u00e9rentes sortes...","breadcrumb":{"@id":"https:\/\/www.fileasbl.be\/membres\/produit\/les-differentes-sortes-de-conges\/#breadcrumb"},"inLanguage":"fr-FR","potentialAction":[{"@type":"ReadAction","target":["https:\/\/www.fileasbl.be\/membres\/produit\/les-differentes-sortes-de-conges\/"]}]},{"@type":"BreadcrumbList","@id":"https:\/\/www.fileasbl.be\/membres\/produit\/les-differentes-sortes-de-conges\/#breadcrumb","itemListElement":[{"@type":"ListItem","position":1,"name":"Accueil","item":"https:\/\/www.fileasbl.be\/membres\/"},{"@type":"ListItem","position":2,"name":"Produits","item":"https:\/\/www.fileasbl.be\/membres\/boutique\/"},{"@type":"ListItem","position":3,"name":"Les diff\u00e9rentes sortes de cong\u00e9s &#8211; 09\/2020"}]},{"@type":"WebSite","@id":"https:\/\/www.fileasbl.be\/membres\/#website","url":"https:\/\/www.fileasbl.be\/membres\/","name":"Site de la FILE","description":"FILE Un accueil de qualit\u00e9 accessible \u00e0 tous","potentialAction":[{"@type":"SearchAction","target":{"@type":"EntryPoint","urlTemplate":"https:\/\/www.fileasbl.be\/membres\/?s={search_term_string}"},"query-input":{"@type":"PropertyValueSpecification","valueRequired":true,"valueName":"search_term_string"}}],"inLanguage":"fr-FR"}]}},"builder_content":"","_links":{"self":[{"href":"https:\/\/www.fileasbl.be\/membres\/wp-json\/wp\/v2\/product\/9133","targetHints":{"allow":["GET"]}}],"collection":[{"href":"https:\/\/www.fileasbl.be\/membres\/wp-json\/wp\/v2\/product"}],"about":[{"href":"https:\/\/www.fileasbl.be\/membres\/wp-json\/wp\/v2\/types\/product"}],"wp:attachment":[{"href":"https:\/\/www.fileasbl.be\/membres\/wp-json\/wp\/v2\/media?parent=9133"}],"wp:term":[{"taxonomy":"product_brand","embeddable":true,"href":"https:\/\/www.fileasbl.be\/membres\/wp-json\/wp\/v2\/product_brand?post=9133"},{"taxonomy":"product_cat","embeddable":true,"href":"https:\/\/www.fileasbl.be\/membres\/wp-json\/wp\/v2\/product_cat?post=9133"},{"taxonomy":"product_tag","embeddable":true,"href":"https:\/\/www.fileasbl.be\/membres\/wp-json\/wp\/v2\/product_tag?post=9133"}],"curies":[{"name":"wp","href":"https:\/\/api.w.org\/{rel}","templated":true}]}}