{"id":9596,"date":"2020-02-07T12:19:25","date_gmt":"2020-02-07T11:19:25","guid":{"rendered":"http:\/\/www.fileasbl.be\/membres\/?post_type=product&#038;p=9596"},"modified":"2020-09-14T14:08:46","modified_gmt":"2020-09-14T13:08:46","slug":"colloque-les-emotions-des-professionnels-01-12-2020","status":"publish","type":"product","link":"https:\/\/www.fileasbl.be\/membres\/produit\/colloque-les-emotions-des-professionnels-01-12-2020\/","title":{"rendered":"Colloque \u00ab\u00a0Les \u00e9motions des professionnels\u00a0\u00bb 01\/12\/2020"},"content":{"rendered":"<!--themify_builder_content-->\n<div id=\"themify_builder_content-9596\" data-postid=\"9596\" class=\"themify_builder_content themify_builder_content-9596 themify_builder tf_clear\">\n    \t<!-- module_row -->\n\t<div  data-lazy=\"1\" class=\"module_row themify_builder_row tb_y270269 tb_first tf_clearfix\">\n\t    \t\t<div class=\"row_inner col_align_top col-count-1 tf_box tf_w tf_rel\">\n\t\t\t<div  data-lazy=\"1\" class=\"module_column tb-column col-full first tb_406e270 tf_box\">\n\t\t\t    \t        <div class=\"tb-column-inner tf_box tf_w\">\n\t\t    <!-- module text -->\n<div  class=\"module module-text tb_f82q22   \" data-lazy=\"1\">\n        <div  class=\"tb_text_wrap\">\n    <p><strong><u>Prix et Inscriptions:<\/u><\/strong><\/p>\n<p><em>Journ\u00e9e compl\u00e8te du 01 d\u00e9cembre 2020 :<\/em><\/p>\n<ul>\n<li>Frais (comprenant le lunch et les boissons) : 45,00 EUR (35,00 EUR pour les membres de la FILE)<\/li>\n<li>Modalit\u00e9s : Les inscriptions se font via le lien en haut de cette page.<\/li>\n<li>Merci de payer \u00ab\u00a0<span style=\"color: #ff0000;\"><strong>\u00e0 la r\u00e9ception de votre facture<\/strong><\/span>\u00a0\u00bb pour garantir votre (vos) inscription(s)<\/li>\n<li><em><strong><span style=\"color: #ff0000;\">Attention, pour les inscription n\u00e9cessitant un accord d&rsquo;un PO (ville, commune\u2026 ) ou l&rsquo;\u00e9tablissement d&rsquo;un bon de commande, merci d\u2019attendre cet accord avant de confirmer votre enregistrement sur cette page.<\/span><\/strong><\/em><\/li>\n<\/ul>    <\/div>\n<\/div>\n<!-- \/module text --><!-- module image -->\n<div  class=\"module module-image tb_qla7178   image-top auto_fullwidth tf_mw\" data-lazy=\"1\">\n        <div class=\"image-wrap tf_rel tf_mw\">\n\t\t    <img decoding=\"async\" src=\"http:\/\/www.fileasbl.be\/membres\/wp-content\/uploads\/2020\/02\/2020-Site-article-800x200-STD-colloque.jpg\" title=\"Colloque \u00ab\u00a0Les \u00e9motions des professionnels\u00a0\u00bb 01\/12\/2020\" alt=\"Colloque \u00ab\u00a0Les \u00e9motions des professionnels\u00a0\u00bb 01\/12\/2020\">\t\n\t\t<\/div>\n\t<!-- \/image-wrap -->\n    \n    \t<\/div>\n<!-- \/module image -->\t        <\/div>\n\t    \t<\/div>\n\t\t    <\/div>\n\t    <!-- \/row_inner -->\n\t<\/div>\n\t<!-- \/module_row -->\n\t<\/div>\n<!--\/themify_builder_content-->","protected":false},"excerpt":{"rendered":"<p>Description courte du produit dans le panneau du dessous<\/p>\n","protected":false},"featured_media":0,"template":"","meta":[],"product_brand":[],"product_cat":[268,295],"product_tag":[],"class_list":{"0":"post-9596","1":"product","2":"type-product","3":"status-publish","5":"product_cat-colloque","6":"product_cat-event","7":"has-post-title","8":"has-post-date","9":"has-post-category","10":"has-post-tag","11":"has-post-comment","12":"has-post-author","13":"","15":"first","16":"instock","17":"virtual","18":"purchasable","19":"product-type-simple"},"yoast_head":"<!-- This site is optimized with the Yoast SEO plugin v27.5 - https:\/\/yoast.com\/product\/yoast-seo-wordpress\/ -->\n<title>Colloque &quot;Les \u00e9motions des professionnels&quot; 01\/12\/2020 - Site de la FILE<\/title>\n<meta name=\"description\" content=\"Le m\u00e9tier de professionnel de l\u2019enfance est \u00e9minemment \u00ab \u00e9motionnel \u00bb, o\u00f9 l\u2019on ne peut nier ses \u00e9motions, o\u00f9 l\u2019on doit \u00ab travailler avec \u00bb.\" \/>\n<meta name=\"robots\" content=\"index, follow, max-snippet:-1, max-image-preview:large, max-video-preview:-1\" \/>\n<link rel=\"canonical\" href=\"https:\/\/www.fileasbl.be\/membres\/produit\/colloque-les-emotions-des-professionnels-01-12-2020\/\" \/>\n<meta property=\"og:locale\" content=\"fr_FR\" \/>\n<meta property=\"og:type\" content=\"article\" \/>\n<meta property=\"og:title\" content=\"Colloque &quot;Les \u00e9motions des professionnels&quot; 01\/12\/2020 - Site de la FILE\" \/>\n<meta property=\"og:description\" content=\"Le m\u00e9tier de professionnel de l\u2019enfance est \u00e9minemment \u00ab \u00e9motionnel \u00bb, o\u00f9 l\u2019on ne peut nier ses \u00e9motions, o\u00f9 l\u2019on doit \u00ab travailler avec \u00bb.\" \/>\n<meta property=\"og:url\" content=\"https:\/\/www.fileasbl.be\/membres\/produit\/colloque-les-emotions-des-professionnels-01-12-2020\/\" \/>\n<meta property=\"og:site_name\" content=\"Site de la FILE\" \/>\n<meta property=\"article:publisher\" content=\"https:\/\/www.facebook.com\/fileasbl\/\" \/>\n<meta property=\"article:modified_time\" content=\"2020-09-14T13:08:46+00:00\" \/>\n<meta property=\"og:image\" content=\"https:\/\/www.fileasbl.be\/membres\/wp-content\/uploads\/2020\/01\/Site-A-la-une-Colloque-2020.jpg\" \/>\n\t<meta property=\"og:image:width\" content=\"1600\" \/>\n\t<meta property=\"og:image:height\" content=\"800\" \/>\n\t<meta property=\"og:image:type\" content=\"image\/jpeg\" \/>\n<meta name=\"twitter:card\" content=\"summary_large_image\" \/>\n<script type=\"application\/ld+json\" class=\"yoast-schema-graph\">{\"@context\":\"https:\\\/\\\/schema.org\",\"@graph\":[{\"@type\":\"WebPage\",\"@id\":\"https:\\\/\\\/www.fileasbl.be\\\/membres\\\/produit\\\/colloque-les-emotions-des-professionnels-01-12-2020\\\/\",\"url\":\"https:\\\/\\\/www.fileasbl.be\\\/membres\\\/produit\\\/colloque-les-emotions-des-professionnels-01-12-2020\\\/\",\"name\":\"Colloque \\\"Les \u00e9motions des professionnels\\\" 01\\\/12\\\/2020 - Site de la FILE\",\"isPartOf\":{\"@id\":\"https:\\\/\\\/www.fileasbl.be\\\/membres\\\/#website\"},\"primaryImageOfPage\":{\"@id\":\"https:\\\/\\\/www.fileasbl.be\\\/membres\\\/produit\\\/colloque-les-emotions-des-professionnels-01-12-2020\\\/#primaryimage\"},\"image\":{\"@id\":\"https:\\\/\\\/www.fileasbl.be\\\/membres\\\/produit\\\/colloque-les-emotions-des-professionnels-01-12-2020\\\/#primaryimage\"},\"thumbnailUrl\":\"http:\\\/\\\/www.fileasbl.be\\\/membres\\\/wp-content\\\/uploads\\\/2020\\\/02\\\/2020-Site-article-800x200-STD-colloque.jpg\",\"datePublished\":\"2020-02-07T11:19:25+00:00\",\"dateModified\":\"2020-09-14T13:08:46+00:00\",\"description\":\"Le m\u00e9tier de professionnel de l\u2019enfance est \u00e9minemment \u00ab \u00e9motionnel \u00bb, o\u00f9 l\u2019on ne peut nier ses \u00e9motions, o\u00f9 l\u2019on doit \u00ab travailler avec \u00bb.\",\"breadcrumb\":{\"@id\":\"https:\\\/\\\/www.fileasbl.be\\\/membres\\\/produit\\\/colloque-les-emotions-des-professionnels-01-12-2020\\\/#breadcrumb\"},\"inLanguage\":\"fr-FR\",\"potentialAction\":[{\"@type\":\"ReadAction\",\"target\":[\"https:\\\/\\\/www.fileasbl.be\\\/membres\\\/produit\\\/colloque-les-emotions-des-professionnels-01-12-2020\\\/\"]}]},{\"@type\":\"ImageObject\",\"inLanguage\":\"fr-FR\",\"@id\":\"https:\\\/\\\/www.fileasbl.be\\\/membres\\\/produit\\\/colloque-les-emotions-des-professionnels-01-12-2020\\\/#primaryimage\",\"url\":\"http:\\\/\\\/www.fileasbl.be\\\/membres\\\/wp-content\\\/uploads\\\/2020\\\/02\\\/2020-Site-article-800x200-STD-colloque.jpg\",\"contentUrl\":\"http:\\\/\\\/www.fileasbl.be\\\/membres\\\/wp-content\\\/uploads\\\/2020\\\/02\\\/2020-Site-article-800x200-STD-colloque.jpg\"},{\"@type\":\"BreadcrumbList\",\"@id\":\"https:\\\/\\\/www.fileasbl.be\\\/membres\\\/produit\\\/colloque-les-emotions-des-professionnels-01-12-2020\\\/#breadcrumb\",\"itemListElement\":[{\"@type\":\"ListItem\",\"position\":1,\"name\":\"Accueil\",\"item\":\"https:\\\/\\\/www.fileasbl.be\\\/membres\\\/\"},{\"@type\":\"ListItem\",\"position\":2,\"name\":\"Produits\",\"item\":\"https:\\\/\\\/www.fileasbl.be\\\/membres\\\/boutique\\\/\"},{\"@type\":\"ListItem\",\"position\":3,\"name\":\"Colloque &#8220;Les \u00e9motions des professionnels&#8221; 01\\\/12\\\/2020\"}]},{\"@type\":\"WebSite\",\"@id\":\"https:\\\/\\\/www.fileasbl.be\\\/membres\\\/#website\",\"url\":\"https:\\\/\\\/www.fileasbl.be\\\/membres\\\/\",\"name\":\"Site de la FILE\",\"description\":\"FILE Un accueil de qualit\u00e9 accessible \u00e0 tous\",\"potentialAction\":[{\"@type\":\"SearchAction\",\"target\":{\"@type\":\"EntryPoint\",\"urlTemplate\":\"https:\\\/\\\/www.fileasbl.be\\\/membres\\\/?s={search_term_string}\"},\"query-input\":{\"@type\":\"PropertyValueSpecification\",\"valueRequired\":true,\"valueName\":\"search_term_string\"}}],\"inLanguage\":\"fr-FR\"}]}<\/script>\n<!-- \/ Yoast SEO plugin. -->","yoast_head_json":{"title":"Colloque \"Les \u00e9motions des professionnels\" 01\/12\/2020 - Site de la FILE","description":"Le m\u00e9tier de professionnel de l\u2019enfance est \u00e9minemment \u00ab \u00e9motionnel \u00bb, o\u00f9 l\u2019on ne peut nier ses \u00e9motions, o\u00f9 l\u2019on doit \u00ab travailler avec \u00bb.","robots":{"index":"index","follow":"follow","max-snippet":"max-snippet:-1","max-image-preview":"max-image-preview:large","max-video-preview":"max-video-preview:-1"},"canonical":"https:\/\/www.fileasbl.be\/membres\/produit\/colloque-les-emotions-des-professionnels-01-12-2020\/","og_locale":"fr_FR","og_type":"article","og_title":"Colloque \"Les \u00e9motions des professionnels\" 01\/12\/2020 - Site de la FILE","og_description":"Le m\u00e9tier de professionnel de l\u2019enfance est \u00e9minemment \u00ab \u00e9motionnel \u00bb, o\u00f9 l\u2019on ne peut nier ses \u00e9motions, o\u00f9 l\u2019on doit \u00ab travailler avec \u00bb.","og_url":"https:\/\/www.fileasbl.be\/membres\/produit\/colloque-les-emotions-des-professionnels-01-12-2020\/","og_site_name":"Site de la FILE","article_publisher":"https:\/\/www.facebook.com\/fileasbl\/","article_modified_time":"2020-09-14T13:08:46+00:00","og_image":[{"width":1600,"height":800,"url":"https:\/\/www.fileasbl.be\/membres\/wp-content\/uploads\/2020\/01\/Site-A-la-une-Colloque-2020.jpg","type":"image\/jpeg"}],"twitter_card":"summary_large_image","schema":{"@context":"https:\/\/schema.org","@graph":[{"@type":"WebPage","@id":"https:\/\/www.fileasbl.be\/membres\/produit\/colloque-les-emotions-des-professionnels-01-12-2020\/","url":"https:\/\/www.fileasbl.be\/membres\/produit\/colloque-les-emotions-des-professionnels-01-12-2020\/","name":"Colloque \"Les \u00e9motions des professionnels\" 01\/12\/2020 - Site de la FILE","isPartOf":{"@id":"https:\/\/www.fileasbl.be\/membres\/#website"},"primaryImageOfPage":{"@id":"https:\/\/www.fileasbl.be\/membres\/produit\/colloque-les-emotions-des-professionnels-01-12-2020\/#primaryimage"},"image":{"@id":"https:\/\/www.fileasbl.be\/membres\/produit\/colloque-les-emotions-des-professionnels-01-12-2020\/#primaryimage"},"thumbnailUrl":"http:\/\/www.fileasbl.be\/membres\/wp-content\/uploads\/2020\/02\/2020-Site-article-800x200-STD-colloque.jpg","datePublished":"2020-02-07T11:19:25+00:00","dateModified":"2020-09-14T13:08:46+00:00","description":"Le m\u00e9tier de professionnel de l\u2019enfance est \u00e9minemment \u00ab \u00e9motionnel \u00bb, o\u00f9 l\u2019on ne peut nier ses \u00e9motions, o\u00f9 l\u2019on doit \u00ab travailler avec \u00bb.","breadcrumb":{"@id":"https:\/\/www.fileasbl.be\/membres\/produit\/colloque-les-emotions-des-professionnels-01-12-2020\/#breadcrumb"},"inLanguage":"fr-FR","potentialAction":[{"@type":"ReadAction","target":["https:\/\/www.fileasbl.be\/membres\/produit\/colloque-les-emotions-des-professionnels-01-12-2020\/"]}]},{"@type":"ImageObject","inLanguage":"fr-FR","@id":"https:\/\/www.fileasbl.be\/membres\/produit\/colloque-les-emotions-des-professionnels-01-12-2020\/#primaryimage","url":"http:\/\/www.fileasbl.be\/membres\/wp-content\/uploads\/2020\/02\/2020-Site-article-800x200-STD-colloque.jpg","contentUrl":"http:\/\/www.fileasbl.be\/membres\/wp-content\/uploads\/2020\/02\/2020-Site-article-800x200-STD-colloque.jpg"},{"@type":"BreadcrumbList","@id":"https:\/\/www.fileasbl.be\/membres\/produit\/colloque-les-emotions-des-professionnels-01-12-2020\/#breadcrumb","itemListElement":[{"@type":"ListItem","position":1,"name":"Accueil","item":"https:\/\/www.fileasbl.be\/membres\/"},{"@type":"ListItem","position":2,"name":"Produits","item":"https:\/\/www.fileasbl.be\/membres\/boutique\/"},{"@type":"ListItem","position":3,"name":"Colloque &#8220;Les \u00e9motions des professionnels&#8221; 01\/12\/2020"}]},{"@type":"WebSite","@id":"https:\/\/www.fileasbl.be\/membres\/#website","url":"https:\/\/www.fileasbl.be\/membres\/","name":"Site de la FILE","description":"FILE Un accueil de qualit\u00e9 accessible \u00e0 tous","potentialAction":[{"@type":"SearchAction","target":{"@type":"EntryPoint","urlTemplate":"https:\/\/www.fileasbl.be\/membres\/?s={search_term_string}"},"query-input":{"@type":"PropertyValueSpecification","valueRequired":true,"valueName":"search_term_string"}}],"inLanguage":"fr-FR"}]}},"builder_content":"<p><strong><u>Prix et Inscriptions:<\/u><\/strong><\/p> <p><em>Journ\u00e9e compl\u00e8te du 01 d\u00e9cembre 2020 :<\/em><\/p> <ul> <li>Frais (comprenant le lunch et les boissons) : 45,00 EUR (35,00 EUR pour les membres de la FILE)<\/li> <li>Modalit\u00e9s : Les inscriptions se font via le lien en haut de cette page.<\/li> <li>Merci de payer \"<strong>\u00e0 la r\u00e9ception de votre facture<\/strong>\" pour garantir votre (vos) inscription(s)<\/li> <li><em><strong>Attention, pour les inscription n\u00e9cessitant un accord d'un PO (ville, commune\u2026 ) ou l'\u00e9tablissement d'un bon de commande, merci d\u2019attendre cet accord avant de confirmer votre enregistrement sur cette page.<\/strong><\/em><\/li> <\/ul>\n<img src=\"http:\/\/www.fileasbl.be\/membres\/wp-content\/uploads\/2020\/02\/2020-Site-article-800x200-STD-colloque.jpg\" title=\"Colloque \u00ab\u00a0Les \u00e9motions des professionnels\u00a0\u00bb 01\/12\/2020\" alt=\"Colloque \u00ab\u00a0Les \u00e9motions des professionnels\u00a0\u00bb 01\/12\/2020\">","_links":{"self":[{"href":"https:\/\/www.fileasbl.be\/membres\/wp-json\/wp\/v2\/product\/9596","targetHints":{"allow":["GET"]}}],"collection":[{"href":"https:\/\/www.fileasbl.be\/membres\/wp-json\/wp\/v2\/product"}],"about":[{"href":"https:\/\/www.fileasbl.be\/membres\/wp-json\/wp\/v2\/types\/product"}],"wp:attachment":[{"href":"https:\/\/www.fileasbl.be\/membres\/wp-json\/wp\/v2\/media?parent=9596"}],"wp:term":[{"taxonomy":"product_brand","embeddable":true,"href":"https:\/\/www.fileasbl.be\/membres\/wp-json\/wp\/v2\/product_brand?post=9596"},{"taxonomy":"product_cat","embeddable":true,"href":"https:\/\/www.fileasbl.be\/membres\/wp-json\/wp\/v2\/product_cat?post=9596"},{"taxonomy":"product_tag","embeddable":true,"href":"https:\/\/www.fileasbl.be\/membres\/wp-json\/wp\/v2\/product_tag?post=9596"}],"curies":[{"name":"wp","href":"https:\/\/api.w.org\/{rel}","templated":true}]}}